{"id":316,"date":"2016-10-12T13:02:52","date_gmt":"2016-10-12T11:02:52","guid":{"rendered":"https:\/\/www.nounou-sete.com\/?page_id=316"},"modified":"2024-01-30T13:35:50","modified_gmt":"2024-01-30T12:35:50","slug":"calendrier-animations","status":"publish","type":"page","link":"https:\/\/www.nounou-sete.com\/index.php\/les-activites-sorties\/calendrier-animations\/","title":{"rendered":"Calendrier Relais Assistantes Maternelles"},"content":{"rendered":"<p><span style=\"text-decoration: underline;\"><strong>CALENDRIER 2024<br \/>\n<\/strong><\/span><\/p>\n<p>Vous trouverez ci dessous les activit\u00e9s et les dates auxquelles nous participons toute l&rsquo;ann\u00e9e.<\/p>\n<p><span style=\"text-decoration: underline;\"><strong>Baby Gym \u00e0 la salle Alfred Nakache<\/strong><\/span><\/p>\n<p>Lundi et\/ou Vendredi<\/p>\n<p><span style=\"text-decoration: underline;\"><strong>Ludoth\u00e8que\u00a0Froment<\/strong><\/span><\/p>\n<p>Jeudi de 9h \u00e0 12h, Poterie, Eveil musical, Peinture Verticale, p\u00e2te \u00e0 sel, jeux libres int\u00e9rieur et ext\u00e9rieur, pr\u00e9paration de l&rsquo;exposition de fin d&rsquo;ann\u00e9e scolaire et de no\u00ebl.<\/p>\n<p><span style=\"text-decoration: underline;\"><strong>M\u00e9diath\u00e8ques\u00a0 Andr\u00e9 Malraux \u00ab\u00a0Les racontines\u00a0\u00bb: Le Mardi de 9h30 &#8211; 10h30<br \/>\n<\/strong><\/span><\/p>\n<p>Mardi de 09h30 &#8211; 11H30 (1 semaine sur deux)<\/p>\n<p><span style=\"text-decoration: underline;\"><strong>Espace Georges Brassens<\/strong><\/span><\/p>\n<p>Lundi de 09h30 &#8211; 11h<\/p>\n<p><strong><span style=\"text-decoration: underline;\">Dates \u00e0 d\u00e9finir<\/span> <\/strong><\/p>\n<p>Sortie de fin d&rsquo;ann\u00e9e &#8211; Visite caserne des Pompiers &#8211; Mus\u00e9e Montpellier &#8211; Spectacles<\/p>\n","protected":false},"excerpt":{"rendered":"<p>CALENDRIER 2024 Vous trouverez ci dessous les activit\u00e9s et les dates auxquelles nous participons toute l&rsquo;ann\u00e9e. Baby Gym \u00e0 la salle Alfred Nakache Lundi et\/ou Vendredi Ludoth\u00e8que\u00a0Froment Jeudi de 9h \u00e0 12h, Poterie, Eveil musical, Peinture Verticale, p\u00e2te \u00e0 sel, jeux libres int\u00e9rieur et ext\u00e9rieur, pr\u00e9paration de l&rsquo;exposition de fin d&rsquo;ann\u00e9e scolaire et de no\u00ebl. [&hellip;]<\/p>\n","protected":false},"author":1,"featured_media":0,"parent":296,"menu_order":0,"comment_status":"closed","ping_status":"closed","template":"","meta":[],"_links":{"self":[{"href":"https:\/\/www.nounou-sete.com\/index.php\/wp-json\/wp\/v2\/pages\/316"}],"collection":[{"href":"https:\/\/www.nounou-sete.com\/index.php\/wp-json\/wp\/v2\/pages"}],"about":[{"href":"https:\/\/www.nounou-sete.com\/index.php\/wp-json\/wp\/v2\/types\/page"}],"author":[{"embeddable":true,"href":"https:\/\/www.nounou-sete.com\/index.php\/wp-json\/wp\/v2\/users\/1"}],"replies":[{"embeddable":true,"href":"https:\/\/www.nounou-sete.com\/index.php\/wp-json\/wp\/v2\/comments?post=316"}],"version-history":[{"count":16,"href":"https:\/\/www.nounou-sete.com\/index.php\/wp-json\/wp\/v2\/pages\/316\/revisions"}],"predecessor-version":[{"id":661,"href":"https:\/\/www.nounou-sete.com\/index.php\/wp-json\/wp\/v2\/pages\/316\/revisions\/661"}],"up":[{"embeddable":true,"href":"https:\/\/www.nounou-sete.com\/index.php\/wp-json\/wp\/v2\/pages\/296"}],"wp:attachment":[{"href":"https:\/\/www.nounou-sete.com\/index.php\/wp-json\/wp\/v2\/media?parent=316"}],"curies":[{"name":"wp","href":"https:\/\/api.w.org\/{rel}","templated":true}]}}